*3/3 + 3*o**2/2 + o - 2. What is a(h)?
-14
Suppose 0*l = l. Suppose l*b - 4*b = -28. Let k(r) = r**2 - 9*r - 8. Determine k(b).
-22
Let h(o) be the second derivative of -2*o**3/3 + 5*o**2/2 + 4*o. What is h(-5)?
25
Let v be 38/8 - (-1 + 21/12). Let n(i) = 2 + 21*i - v - 19*i. What is n(-3)?
-8
Let t(j) be the first derivative of -5*j - 1/2*j**2 - 7. Suppose -2*m + 5*m + 12 = 0. Determine t(m).
-1
Let l(s) = -1071*s**2 + 2 - 3 - s**3 + 1079*s**2 + 8*s. Determine l(9).
-10
Let g(u) = u**2 - 7*u - 16 + 32 - 14*u + 4*u. Let r be g(16). Let l(d) = d**2 + d - 7. Give l(r).
-7
Let q(n) = -5*n - 10. Let r(w) = w**2 - 11*w - 24. Let v(p) = 7*q(p) - 3*r(p). What is v(2)?
-14
Let v be (-1 - 5)*1/(-3). Let t(r) = -13*r + 7 + v*r**2 - 3*r**2 + 10*r + 8*r. What is t(5)?
7
Let g(f) = 7*f - 6. Let n(l) = 15*l - 16. Let i(u) = -5*g(u) + 2*n(u). Calculate i(1).
-7
Let b(m) = m**2 - 9*m + 9. Let y be b(8). Suppose 0 = -0*w + w - y. Let c(h) = 6*h + 1. Calculate c(w).
7
Suppose -5*c + 37 = 4*m, -c - 6 - 1 = -4*m. Let x(f) = -2*f**2 + 10*f + 3. Determine x(m).
15
Let j(z) = z**3 - 4*z**2 + 2*z + 11. Let a be j(3). Let b(x) = x + 10. What is b(a)?
18
Let z(s) = -s**2 + 9*s + 1. Let b = -58 + 69. Give z(b).
-21
Let f(u) = -u**3 + 2*u**2 + 6*u + 8. Let o be 6/8 + (-156)/(-48)*1. Give f(o).
0
Let o(b) = -b**2 - 16*b + 0*b**2 + 2*b + 16*b + 2 - 6*b - 3*b. Suppose -3*y = 2*y + 30. Calculate o(y).
8
Let w = -8 + 5. Let z(y) = -y**3 - 2*y**2 + y - 4. Let b be z(w). Let g(o) = -3 + 3 + o**b + o + 2*o. Calculate g(-3).
0
Let z(y) = y**3 + 9*y**2 - 10*y + 4. Let x be z(-10). Let c(v) = 4 + x*v - 2 - 1 + 1. Let s be 2*(-1)/1 - 0. Give c(s).
-6
Let y(k) be the second derivative of -7/2*k**2 - 2*k + 1/3*k**3 + 0 + 1/12*k**4. What is y(-5)?
8
Let q(t) = t**3 - t**2 - t + 2. Let c(a) = -a**2 + 5*a + 3. Let l be c(7). Let i = l - 4. Let z = i + 13. Calculate q(z).
-8
Let q(o) = 15*o + 1. Let b(c) = c**3 - c**2 + c + 2. Let u be 0*(-3 + (-32)/(-12)). Let r be b(u). Suppose r = -2*w - 0. What is q(w)?
-14
Let i(y) = 446 + 3*y**2 + 434 - 4*y**2 + 15*y - 1290 + 430. Determine i(16).
4
Let m(n) = n**3 + 6*n**2 - 8*n - 8. Let l be (-192)/28 + (-5)/35. Determine m(l).
-1
Let c(l) = -l**3 - l**2 + l + 46. Let j = -1191 - -1191. Determine c(j).
46
Suppose 0*y - 4*y = 0. Suppose 0 = -p + 4*r - 8, 0 = r - 6*r + 20. Suppose y = -0*t + 2*t - p. Let q(h) = -h**3 + 3*h**2 + 4*h + 1. What is q(t)?
1
Suppose -3*d + 9 = 4*z - 19, -2*z + d + 24 = 0. Let l(m) = -3*m - 14 - z + m + 35. Determine l(8).
-5
Let i(x) = -1 - 1 + 2*x**2 + 16*x - 1 - 13*x + 7. Calculate i(-4).
24
Suppose 3*f - 4 + 31 = 0. Let n = f + 12. Let x(b) = 2*b**3 + 2*b**3 + 4*b**2 - 7*b - 3*b**n - 7. Calculate x(-5).
3
Let f(p) = p - 15. Let t(m) = m**3 + 6*m**2 - 20. Let b be t(-4). What is f(b)?
-3
Let j(d) = -d - 2. Let n be 74/(-6) - (-2)/6. Let l = n + 21. Suppose 5*c + 3*s - l = 0, -3*s = 4*c - 13 + 4. Determine j(c).
-2
Let k(q) = -4*q**2 + q - 1. Let s(c) = -4*c**2 + c - 1. Suppose -p + 2*a = -16, -2*p - 3*p - 2*a + 20 = 0. Let u(n) = p*k(n) - 5*s(n). Give u(1).
-4
Let k(b) = -12*b - 2. Let d be 10 + -4 + -3 - 4. Give k(d).
10
Let x be 1/20 - (12/(-10) - -1). Let t(l) be the first derivative of -6 - 2/3*l**3 + x*l**4 + l + 0*l**2. What is t(-1)?
-2
Let m(x) = -x + 1. Suppose -6*l + 8*l + 6 = 0. Let d(n) be the third derivative of -5*n**4/24 - 2*n**3/3 + n**2. Let q(w) = l*m(w) - d(w). Calculate q(-1).
-7
Let v(f) be the second derivative of f**4/12 + 5*f**3/6 + f**2 - 35*f. Suppose -12*h = -8*h + 16. Calculate v(h).
-2
Let o(g) = g - 7. Suppose 0 = -6*h + 5*h - 3*d + 41, 5*h - 238 = -4*d. Let n = 56 - h. Calculate o(n).
-1
Let p(b) = b**3 - 3*b**2 + 2*b - 2. Let s be (-7 + 0)*(-2)/7. Suppose -5*w - s*l = -12, l = w - 2 + 1. Suppose w = t - 1. What is p(t)?
4
Let t(v) = -15 + 13 + 17 - 2*v + 11 + 4*v. Calculate t(0).
26
Let j(o) = -o**3 + 7*o**2 + o + 8. Let g(i) = 17*i**3 + 2*i**2 - i - 1. Let f be g(1). Suppose 3 = -2*q + f. Calculate j(q).
15
Let x(s) be the second derivative of s**5/20 - 13*s**4/12 - s**3/3 + 12*s**2 + s + 55. Determine x(13).
-2
Let y = 3 - 1. Let b(p) = -2*p + 3*p**2 - 4 - 7 - 4 + 2 + 11. What is b(y)?
6
Let i be 13 + 1/2*(-3 - 3). Let w(r) = r - 5. Let n be w(i). Let q(k) = 3*k**2 - 2*k - 6. Let c(t) = -4*t**2 + t + 7. Let s(m) = -2*c(m) - 3*q(m). Give s(n).
-1
Let k(y) = y**3 + 4*y**2 + 4*y + 3. Suppose 101*b - 39*b + 1674 = 0. Let x(c) = -25*c**2 - c - 1. Let z be x(-1). Let f = b - z. Determine k(f).
3
Let n(p) = p**3 + 8*p**2 - 2*p - 12. Let g be ((-4)/(-6))/(30/(-45)). Let t be (7 - g)/((-4)/4 - 0). Determine n(t).
4
Let p(w) = 3*w - 2 + 7 + 0*w - 2*w. Let y = 6 + -5. Let h(o) = -6*o**3 - o**2 + 2*o - 1. Let n be h(y). What is p(n)?
-1
Let p(c) be the third derivative of c**4/24 + 4*c**3/3 - 15*c**2. What is p(-6)?
2
Suppose -5*b + 4*b + 3*g = 15, 20 = 4*g. Suppose 7*k - 8*k + 5 = 0. Let w = k + b. Let u(c) = -c**3 + 6*c**2 - 6*c. Determine u(w).
-5
Let o(g) = 5*g - 2. Let k(h) = -h - 1. Let m(b) = -4*k(b) - o(b). Let i = 68 - 61. Calculate m(i).
-1
Let q = -4 - -6. Suppose -n + 4 = -q*n. Let z(w) = w**3 + 5*w**2 + 3*w - 4. Let y(i) = 1. Let c(b) = -3*y(b) - z(b). Determine c(n).
-3
Let b(r) = -r**2 - 5*r - 5. Let f be -1 + 0/(-2) - -4. Let z be f/(-2)*4/(-6). Let x be (-8)/(-6)*(-3)/z. Calculate b(x).
-1
Suppose 2*n + 12 = 7*q - 4*q, -n - 1 = q. Let g(k) = -7*k**2 - 5*k + k**3 + 10*k**q - 4 - 8*k**2. Give g(6).
2
Let c(n) = -7 - 1 - 5*n + 8*n - 7. Let u(d) = -2*d + 8. Let g(p) = 3*c(p) + 5*u(p). Calculate g(-5).
0
Suppose -5*x + 18 + 7 = 0. Let r(u) = -u + 2 + 1 + 0*u. Give r(x).
-2
Let o(m) = m**2 - 3*m - 7. Suppose 43*b = 2*h + 46*b - 13, 2*h = -5*b + 11. Give o(h).
33
Let j(q) = q**3 + 10*q**2 + 5*q + 2. Suppose 1115 - 1079 = -4*g. Calculate j(g).
38
Let p(y) = -y**2 - 6*y + 4. Let n be (11/33)/(1/3). Suppose l - n = -l + i, -5*l = -2*i - 1. Let m be l*4 + (-3 - -2). Calculate p(m).
9
Let y(z) = z**3 - z**2 - z + 6. Let i be y(-2). Let m(x) = x**3 + 5*x**2 + 4*x + 5. Calculate m(i).
5
Let i = -5 + 13. Let z(b) = 3*b - 18. Let h be z(i). Let l(c) = 6*c**2 + c**3 - 7 + 4*c + c - h*c. Determine l(-6).
-1
Let u(d) = -d**2 - 8*d - 3. Let v be u(-7). Let l(b) = 1 + 4 - 5 + 3 - 2*b. What is l(v)?
-5
Let c be 8/20*8 + (-2)/10. Let f(g) = -9*g**c - 2*g**2 + 1 + 7*g**3 + 12*g**3. Give f(1).
9
Let q be (16/10 - 2)/(4/60). Let f(m) = -5*m - 3. Determine f(q).
27
Let k(i) = 7*i - 198. Let n be k(30). Let w(u) = u - 11. What is w(n)?
1
Let r(j) = -j**3 - 21. Suppose p - k = 5, 2*k = 5*p + 3 - 13. Give r(p).
-21
Suppose 3*m + 3 = -4*u + 8, -u = 4*m + 2. Suppose 0 = -u*r + r + 1. Suppose 0*x - r = -x. Let y(s) = 7*s**2 + 2*s - 1. Determine y(x).
8
Let a(n) = -4*n - 4 - 7 + 7 - 6. Determine a(-4).
6
Let p(h) be the second derivative of h**6/180 - h**5/30 - h**4/12 - 14*h. Let b(c) be the third derivative of p(c). What is b(4)?
12
Let w(i) = i. Let l(b) = 3*b + 5. Let g(j) = l(j) - 2*w(j). Let d(r) = 2*r**3 + 2*r**2 + 2*r + 3. Let y be d(-2). Determine g(y).
-4
Let g(c) be the first derivative of c**3/3 - c**2/2 - c - 16. Let z(h) = -4*h**2 + 2*h + 9. Let b(v) = -5*g(v) - z(v). Determine b(4).
-8
Let v(m) = 4*m**3 - 2*m**2 - 1. Let c(j) = -5*j**3 + j**2 + j + 1. Let q(k) = -3*c(k) - 4*v(k). Let h = 35 + -35. Suppose -d + h*d = -4. Determine q(d).
5
Let l(x) = -4 - 1 + 157*x - 156*x. Give l(5).
0
Let a = 386 + -391. Let n(r) = 3*r + 5. Determine n(a).
-10
Let m be (4/(-8)*8)/(4/(-3)). Let v(g) = -g**2 + 278 - 279 + 2*g - g**m + 0*g**2 - g. Suppose 4 = -2*w - 0. Determine v(w).
1
Let i(j) = j**3 - 6*j**2 - 11*j + 22. Let o(x) = -x + 17. Let d be o(10). Determine i(d).
-6
Let d(n) = -2*n - 7. Let t(g) = 6*g**2 - 10*g. Let x be 5*(-1)/(-5)*5. Let w(m) = -5*m**2 + 9*m. Let b(q) = x*w(q) + 4*t(q). Let h be b(6). Calculate d(h).
5
Let f(n) = 0*n**3 + 10*n**2 - 3*n**2 + 7 + n**3 + 7 - 20 + 5*n. Determine f(-7).
-41
Let x(k) = -6*k - 15. Suppose 18*f + 59 = 5. What is x(f)?
3
Let r(y) = -13*y**3 + 7*y**2 + 6*y. Let z = -65 + 64. Let o(x) = -x**3 + x**2 + x. Let k(c) = z*r(c) + 6*o(c). Determine k(-1).
-8
Let d = 50 + -46. Let h be (-2)/(-5)*(-50)/(-2). Let t = d - h. Let v(q) = -q. What is v(t)?
6
Let p(r) be the second derivative of r**5/20 + 5*r**4/12 + r**3/6 - 3*r**2/2 - 7*r. Suppose -8 = 4*a + a + 4*u, 12 = 4*